{"id":52,"date":"2016-10-09T16:59:41","date_gmt":"2016-10-09T16:59:41","guid":{"rendered":"http:\/\/maisonmillefleurs.de\/?page_id=52"},"modified":"2025-03-09T17:45:51","modified_gmt":"2025-03-09T17:45:51","slug":"wissenswertes","status":"publish","type":"page","link":"https:\/\/maisonmillefleurs.de\/?page_id=52","title":{"rendered":"Wissenswertes"},"content":{"rendered":"<p>Wenn Sie unsere Wohnung buchen wollen, richten Sie Ihre Anfrage bitte an folgende Mailadresse:<\/p>\n<p>maisonmillefleurs@t-online.de<\/p>\n<p><em><strong>Preise:<\/strong><\/em><\/p>\n<p>68\u20ac &#8211;\u00a0 eine Nacht f\u00fcr 2 Personen<\/p>\n<p>83\u20ac &#8211; eine Nacht f\u00fcr 3 Personen<\/p>\n<p>450\u20ac &#8211;\u00a0 eine Woche<\/p>\n<p>bis zu 5 Personen &#8211; schicken Sie uns gerne eine Anfrage, wir haben im ersten Stock ein weiteres sehr sch\u00f6nes G\u00e4stezimmer mit eigener Toilette und Waschbecken.<\/p>\n<p>Eine kostenlose Stornierung ist bis zu 10 Wochen vor Ihrer Anreise m\u00f6glich, danach m\u00fcssen wir leider 70 Prozent der Gesamtkosten berechnen.<\/p>\n<p>In der Nebensaison ist der Mindestaufenthalt zwei Tage, von April bis Ende Oktober sowie \u00fcber Weihnachten und Silvester drei Tage.<\/p>\n<p>&nbsp;<\/p>\n<p>Haustiere sind uns herzlich willkommen!<\/p>\n<p><strong>Anreise:<\/strong><\/p>\n<p>15:00 Uhr &#8211; 22:00 Uhr<\/p>\n<p><strong>Abreise:<\/strong><\/p>\n<p>10:30 Uhr<\/p>\n<p>Damit Sie Ihren Aufenthalt hier genie\u00dfen k\u00f6nnen, haben wir die Wohnung umfangreich ausgestattet:<\/p>\n<p><em><strong>Badezimmer<\/strong><\/em>:<span class=\"edit\"><br \/><\/span><\/p>\n<ul>\n<li>Handt\u00fccher<\/li>\n<li>F\u00f6n<\/li>\n<li>Kosmetikspiegel<\/li>\n<li>Kosmetikt\u00fccher<\/li>\n<li>Klopapier<\/li>\n<\/ul>\n<p><em><strong>K\u00fcche<\/strong><\/em>:<\/p>\n<ul>\n<li>Herd mit Backofen<\/li>\n<li>Sp\u00fclmaschine<\/li>\n<li>Mikrowelle<\/li>\n<li>Kaffemaschine<\/li>\n<li>Hei\u00dfwasserkocher<\/li>\n<li>K\u00fchlschrank<\/li>\n<li>Geschirr, Besteck<\/li>\n<li><img loading=\"lazy\" decoding=\"async\" class=\"alignnone size-large wp-image-16\" src=\"https:\/\/maisonmillefleurs.de\/wp-content\/uploads\/2016\/10\/IMG_9549-1024x683.jpg\" alt=\"img_9549\" width=\"600\" height=\"400\" srcset=\"https:\/\/maisonmillefleurs.de\/wp-content\/uploads\/2016\/10\/IMG_9549-1024x683.jpg 1024w, https:\/\/maisonmillefleurs.de\/wp-content\/uploads\/2016\/10\/IMG_9549-300x200.jpg 300w, https:\/\/maisonmillefleurs.de\/wp-content\/uploads\/2016\/10\/IMG_9549-768x512.jpg 768w\" sizes=\"(max-width: 600px) 100vw, 600px\" \/><\/li>\n<li>T\u00f6pfe, Pfannen<\/li>\n<li>diverse Utensilien zum Zubereiten des Essens<\/li>\n<li>Reinigungsmittel<\/li>\n<li>M\u00fclleimer<\/li>\n<\/ul>\n<p><em><strong>Schlafzimmer<\/strong><\/em>:<\/p>\n<ul>\n<li>Bettw\u00e4sche<\/li>\n<li>gro\u00dfer Kleiderschrank mit Spiegel<\/li>\n<\/ul>\n<p><em><strong>Wohnzimmer<\/strong><\/em>:<\/p>\n<ul>\n<li>Flachbild-Tv<\/li>\n<li>Satelliten-Tv<\/li>\n<li>B\u00fccher<\/li>\n<li>Zeitschriften<\/li>\n<li>Brettspiele<\/li>\n<li>DVD-Player<\/li>\n<\/ul>\n<p><em><strong>F\u00fcr Kinder<\/strong><\/em>:<\/p>\n<ul>\n<li>Spiele<\/li>\n<li>Stofftiere<\/li>\n<li>Holzeisenbahn<\/li>\n<li>B\u00fccher<\/li>\n<li>gro\u00dfer Bauernhof aus Holz <img loading=\"lazy\" decoding=\"async\" class=\"alignnone size-large wp-image-85\" src=\"https:\/\/maisonmillefleurs.de\/wp-content\/uploads\/2016\/10\/IMG_9523-1024x683.jpg\" alt=\"img_9523\" width=\"600\" height=\"400\" srcset=\"https:\/\/maisonmillefleurs.de\/wp-content\/uploads\/2016\/10\/IMG_9523-1024x683.jpg 1024w, https:\/\/maisonmillefleurs.de\/wp-content\/uploads\/2016\/10\/IMG_9523-300x200.jpg 300w, https:\/\/maisonmillefleurs.de\/wp-content\/uploads\/2016\/10\/IMG_9523-768x512.jpg 768w\" sizes=\"(max-width: 600px) 100vw, 600px\" \/><\/li>\n<li>Federball<\/li>\n<\/ul>\n\n\n<p><br><\/p>\n","protected":false},"excerpt":{"rendered":"<p>Wenn Sie unsere Wohnung buchen wollen, richten Sie Ihre Anfrage bitte an folgende Mailadresse: maisonmillefleurs@t-online.de Preise: 68\u20ac &#8211;\u00a0 eine Nacht f\u00fcr 2 Personen 83\u20ac &#8211; eine Nacht f\u00fcr 3 Personen 450\u20ac &#8211;\u00a0 eine Woche bis zu 5 Personen &#8211; schicken Sie uns gerne eine Anfrage, wir haben im ersten Stock ein weiteres sehr sch\u00f6nes G\u00e4stezimmer mit eigener Toilette und Waschbecken. Eine kostenlose Stornierung ist bis zu 10 Wochen vor Ihrer Anreise m\u00f6glich, danach m\u00fcssen wir leider 70 Prozent der Gesamtkosten berechnen. In der Nebensaison ist der Mindestaufenthalt zwei Tage, von April bis Ende Oktober sowie \u00fcber Weihnachten und Silvester drei Tage. &nbsp; Haustiere sind uns herzlich willkommen! Anreise: 15:00 Uhr &#8211; 22:00 Uhr Abreise: 10:30 Uhr Damit Sie Ihren Aufenthalt hier genie\u00dfen k\u00f6nnen, haben wir die Wohnung umfangreich ausgestattet: Badezimmer: Handt\u00fccher F\u00f6n Kosmetikspiegel Kosmetikt\u00fccher Klopapier K\u00fcche: Herd mit Backofen Sp\u00fclmaschine Mikrowelle Kaffemaschine Hei\u00dfwasserkocher K\u00fchlschrank Geschirr, Besteck T\u00f6pfe, Pfannen diverse Utensilien zum Zubereiten des Essens Reinigungsmittel M\u00fclleimer Schlafzimmer: Bettw\u00e4sche gro\u00dfer Kleiderschrank mit Spiegel Wohnzimmer: Flachbild-Tv Satelliten-Tv B\u00fccher Zeitschriften Brettspiele DVD-Player F\u00fcr Kinder: Spiele Stofftiere Holzeisenbahn B\u00fccher gro\u00dfer Bauernhof aus Holz Federball<\/p>\n","protected":false},"author":1,"featured_media":0,"parent":0,"menu_order":0,"comment_status":"closed","ping_status":"closed","template":"","meta":{"footnotes":""},"_links":{"self":[{"href":"https:\/\/maisonmillefleurs.de\/index.php?rest_route=\/wp\/v2\/pages\/52"}],"collection":[{"href":"https:\/\/maisonmillefleurs.de\/index.php?rest_route=\/wp\/v2\/pages"}],"about":[{"href":"https:\/\/maisonmillefleurs.de\/index.php?rest_route=\/wp\/v2\/types\/page"}],"author":[{"embeddable":true,"href":"https:\/\/maisonmillefleurs.de\/index.php?rest_route=\/wp\/v2\/users\/1"}],"replies":[{"embeddable":true,"href":"https:\/\/maisonmillefleurs.de\/index.php?rest_route=%2Fwp%2Fv2%2Fcomments&post=52"}],"version-history":[{"count":28,"href":"https:\/\/maisonmillefleurs.de\/index.php?rest_route=\/wp\/v2\/pages\/52\/revisions"}],"predecessor-version":[{"id":999,"href":"https:\/\/maisonmillefleurs.de\/index.php?rest_route=\/wp\/v2\/pages\/52\/revisions\/999"}],"wp:attachment":[{"href":"https:\/\/maisonmillefleurs.de\/index.php?rest_route=%2Fwp%2Fv2%2Fmedia&parent=52"}],"curies":[{"name":"wp","href":"https:\/\/api.w.org\/{rel}","templated":true}]}}